and 381601?
1243
What is the greatest common factor of 4104 and 555579?
513
What is the greatest common divisor of 174945 and 872?
109
What is the greatest common divisor of 97685 and 35?
35
Calculate the greatest common factor of 4 and 70956.
4
Calculate the greatest common divisor of 198 and 28292.
22
Calculate the highest common divisor of 196443 and 1495.
299
Calculate the highest common divisor of 26976 and 3936.
96
What is the highest common factor of 7 and 56987?
7
What is the greatest common divisor of 1665178 and 610?
122
Calculate the greatest common divisor of 2128 and 2261.
133
What is the highest common factor of 109505 and 102245?
605
What is the greatest common divisor of 438 and 582?
6
What is the greatest common factor of 5024 and 3925?
157
Calculate the highest common factor of 224725 and 5555.
505
What is the greatest common divisor of 213 and 34719?
213
What is the highest common divisor of 8241 and 2337?
123
Calculate the greatest common divisor of 258225 and 6600.
825
What is the greatest common divisor of 66 and 20570?
22
What is the greatest common divisor of 480 and 165680?
80
Calculate the greatest common factor of 510278 and 46.
46
Calculate the greatest common factor of 69 and 379017.
69
What is the greatest common factor of 159 and 130062?
159
What is the greatest common factor of 105 and 219345?
105
Calculate the highest common divisor of 1751825 and 1580.
395
What is the highest common divisor of 22577 and 12871?
211
Calculate the greatest common factor of 43 and 2180917.
43
What is the greatest common divisor of 29 and 82157?
29
Calculate the highest common divisor of 25093 and 92.
23
Calculate the greatest common factor of 121696 and 13.
1
Calculate the highest common factor of 1135637 and 183.
61
Calculate the highest common divisor of 88073 and 87.
29
What is the greatest common factor of 11371 and 411?
137
What is the highest common divisor of 137171 and 17371?
599
Calculate the highest common divisor of 250901 and 2555.
511
Calculate the greatest common divisor of 647865 and 270.
135
What is the greatest common factor of 9745084 and 1096?
548
Calculate the greatest common factor of 2204 and 27892.
76
What is the highest common factor of 18014 and 10?
2
What is the highest common divisor of 11927 and 3?
1
Calculate the highest common divisor of 2989 and 61.
61
Calculate the highest common factor of 190756 and 2060.
412
Calculate the highest common divisor of 9000 and 13320.
360
What is the highest common factor of 48 and 189578?
2
Calculate the greatest common factor of 31000 and 53320.
1240
What is the greatest common divisor of 117306 and 12369?
399
What is the highest common divisor of 1968 and 632?
8
Calculate the greatest common divisor of 8521260 and 45.
15
Calculate the greatest common factor of 2537 and 1849.
43
Calculate the greatest common divisor of 69725 and 25.
25
What is the greatest common factor of 7418240 and 67?
67
What is the highest common divisor of 4202 and 220?
22
What is the greatest common divisor of 4897 and 61537?
59
What is the greatest common divisor of 50 and 38340?
10
Calculate the highest common divisor of 162231 and 204.
51
What is the highest common factor of 2808283 and 439?
439
What is the highest common factor of 339474 and 58?
58
What is the greatest common divisor of 7266 and 28434?
42
Calculate the highest common factor of 4 and 2644.
4
What is the highest common divisor of 287 and 53833?
41
What is the greatest common factor of 170 and 1536715?
85
Calculate the greatest common factor of 8125 and 1125.
125
Calculate the highest common factor of 558 and 16833.
93
What is the greatest common divisor of 96 and 70512?
48
Calculate the greatest common factor of 455238 and 448.
14
What is the greatest common divisor of 1692 and 3196?
188
Calculate the highest common factor of 153 and 655333.
17
Calculate the greatest common factor of 299 and 4449120.
299
Calculate the highest common divisor of 64 and 12576.
32
What is the greatest common factor of 105005 and 5?
5
Calculate the highest common factor of 273234 and 1014.
78
Calculate the highest common divisor of 3984 and 34611.
249
What is the highest common factor of 3863003 and 899?
899
What is the highest common factor of 31 and 5177?
31
Calculate the highest common divisor of 22752 and 15.
3
Calculate the highest common factor of 136 and 56736.
8
Calculate the highest common factor of 51600 and 91590.
1290
Calculate the highest common factor of 108 and 366.
6
What is the greatest common factor of 1122448 and 1168?
1168
What is the greatest common factor of 1444 and 199956?
76
What is the greatest common factor of 6391 and 38115?
77
What is the highest common divisor of 847 and 6531?
7
What is the highest common divisor of 2821 and 218953?
217
Calculate the highest common factor of 16219 and 8379.
49
Calculate the greatest common factor of 3652 and 24.
4
What is the highest common divisor of 2128 and 101878?
266
What is the highest common factor of 7638 and 42?
6
Calculate the greatest common factor of 92 and 47909.
23
Calculate the greatest common divisor of 70085 and 107.
107
What is the highest common factor of 674 and 1216?
2
Calculate the highest common factor of 196 and 6030430.
98
What is the highest common factor of 456 and 5301?
57
What is the highest common factor of 99 and 108207?
99
Calculate the highest common divisor of 313782 and 2883.
93
Calculate the greatest common factor of 15229 and 1067.
97
Calculate the highest common factor of 15 and 230015.
5
What is the greatest common divisor of 81 and 14943?
3
What is the greatest common divisor of 6565 and 234?
13
What is the greatest common factor of 23821 and 166?
83
Calculate the greatest common divisor of 377872 and 5852.
836
What is the greatest common divisor of 1215 and 516132?
243
What is the highest common divisor of 12 and 25644?
12
Calculate the greatest common divisor of 160500 and 255.
15
What is the highest common factor of 14620 and 814420?
860
Calculate the highest common factor of 12544 and 147.
49
What is the greatest common divisor of 157 and 294061?
157
Calculate the highest common divisor of 55247 and 101.
101
What is the highest common divisor of 10256762 and 134?
134
Calculate the greatest common factor of 296 and 416.
8
Calculate the greatest common factor of 514 and 297349.
257
Calculate the highest common divisor of 369 and 675.
9
What is the highest common factor of 10 and 16178?
2
Calculate the highest common divisor of 1237288 and 72.
8
What is the greatest common divisor of 1532 and 30257?
383
Calculate the greatest common divisor of 18458 and 12914.
22
Calculate the greatest common factor of 1406 and 1260479.
703
Calculate the greatest common divisor of 3493 and 14.
7
Calculate the greatest common divisor of 1764 and 265041.
441
What is the greatest common divisor of 185 and 23643?
37
What is the highest common divisor of 3233 and 5490?
61
Calculate the greatest common divisor of 8091 and 66.
3
Calculate the greatest common factor of 629 and 6341.
17
What is the greatest common factor of 2754 and 986?
34
Calculate the highest common divisor of 14157 and 144.
9
What is the highest common divisor of 560 and 7056?
112
What is the greatest common factor of 8282 and 38986?
202
What is the greatest common divisor of 85 and 4105?
5
Calculate the highest common factor of 79472 and 16.
16
What is the greatest common divisor of 1911 and 1701?
21
Calculate the greatest common factor of 220536 and 999.
27
What is the greatest common factor of 312 and 755781?
39
What is the highest common divisor of 1776 and 489880?
296
Calculate the highest common divisor of 1664 and 5720.
104
What is the greatest common divisor of 3591423 and 66?
33
What is the highest common factor of 4090 and 1080?
10
Calculate the highest common divisor of 300 and 4068.
12
Calculate the highest common factor of 132506 and 11.
11
Calculate the highest common factor of 1100 and 9460.
220
Calculate the highest common divisor of 56682 and 20351.
47
What is the highest common factor of 35115 and 90?
15
What is the highest common factor of 15 and 2419?
1
What is the greatest common factor of 6527 and 66673?
61
What is the highest common divisor of 2563 and 5071?
11
Calculate